{"id":164,"date":"2024-01-26T12:11:33","date_gmt":"2024-01-26T12:11:33","guid":{"rendered":"https:\/\/sinerji-as.com\/?page_id=164"},"modified":"2024-07-24T13:49:28","modified_gmt":"2024-07-24T10:49:28","slug":"filtrasyon-yardimci-urunleri","status":"publish","type":"page","link":"https:\/\/sinerji-as.com\/?page_id=164","title":{"rendered":"Filtrasyon Yard\u0131mc\u0131 \u00dcr\u00fcnleri"},"content":{"rendered":"\n<div class=\"wp-block-group alignwide has-global-padding is-layout-constrained wp-block-group-is-layout-constrained\">\n<p>Kieselguhr Filtre, Vakumlu Tambur Filtre, Plakal\u0131-\u00c7er\u00e7eveli vb filtrasyon sistemlerinde ihtiya\u00e7 duyulan filtrasyon yard\u0131mc\u0131 \u00fcr\u00fcnleri tabloda g\u00f6sterilmektedir.<\/p>\n\n\n\n<p>Konuyla ilgili d\u00f6k\u00fcmanlar:<\/p>\n\n\n\n<p><a href=\"http:\/\/sinerji-as.com\/files\/4dd13df9-132d-41c4-a3f6-858367f7bf63.pdf\">Begerow &#8211; Kieselguhr filtreler ve uygulamalar\u0131<\/a><\/p>\n\n\n\n<!DOCTYPE html>\n<html lang=\"en\">\n<head>\n<meta charset=\"UTF-8\">\n<meta name=\"viewport\" content=\"width=device-width, initial-scale=1.0\">\n<title>Responsive Table<\/title>\n<style>\n    \/* Basic reset *\/\n    *, *::before, *::after {\n        box-sizing: border-box;\n    }\n\n    \/* Container for the table to make it scrollable on small screens *\/\n    .table-responsive {\n        overflow-x: auto;\n    }\n\n    \/* Styles for the table *\/\n    table {\n        width: 100%;\n        border-collapse: collapse;\n    }\n    table, th, td {\n        border: 1px solid #ddd;\n    }\n    th, td {\n        text-align: left;\n        padding: 8px;\n    }\n    th {\n        background-color: #f2f2f2;\n    }\n    tr:nth-child(even) {\n        background-color: #f9f9f9;\n    }\n    caption {\n    text-align:left;\n    }\n<\/style>\n<\/head>\n<body>\n\n<div class=\"table-responsive\">\n<table align=\"left\" border=\"0\">\n<caption><h4>\n    \u00dcr\u00fcnler\n<\/h4>\n<\/caption>\n<tbody>\n<tr>\n<td>\n<p>\n         Kieselguhr F15\n         <br\/>\n         (Becogur 200)\n        <\/p>\n<\/td>\n<td>\n        \u0130nce Kieselguhr (Diatome Toprak)\n       <\/td>\n<td rowspan=\"4\">\n<a>\n         Teknik Bilgi\n        <\/a>\n<\/td>\n<\/tr>\n<tr>\n<td>\n        Kieselguhr F10\n        <br\/>\n        (Becogur 1200)\n       <\/td>\n<td>\n        \u0130nce-Orta Kieselguhr\n       <\/td>\n<\/tr>\n<tr>\n<td>\n<p>\n         Kieselguhr F70\n         <br\/>\n         (Becogur 3500)\n        <\/p>\n<\/td>\n<td>\n        Orta-Kaba Kieselguhr\n       <\/td>\n<\/tr>\n<tr>\n<td>\n<p>\n         Kieselguhr F100\n         <br\/>\n         (Becogur 4500)\n        <\/p>\n<\/td>\n<td>\n        Kaba Kieselguhr\n       <\/td>\n<\/tr>\n<tr>\n<td>\n        Becocel 250\n       <\/td>\n<td>\n        Kieselguhr Filtre \u00d6n Kaplamas\u0131 i\u00e7in Sel\u00fcloz\n       <\/td>\n<td rowspan=\"2\">\n<a>\n         Teknik Bilgi\n        <\/a>\n<\/td>\n<\/tr>\n<tr>\n<td>\n        Becocel 400\n       <\/td>\n<td>\n        Vakumlu Tambur Filtre \u00d6n kaplamas\u0131 i\u00e7in alternatif Sel\u00fcloz\n       <\/td>\n<\/tr>\n<\/tbody>\n<\/table>\n<\/div>\n\n<\/body>\n<\/html>\n<\/div>\n","protected":false},"excerpt":{"rendered":"<p>Kieselguhr Filtre, Vakumlu Tambur Filtre, Plakal\u0131-\u00c7er\u00e7eveli vb filtrasyon sistemlerinde ihtiya\u00e7 duyulan filtrasyon yard\u0131mc\u0131 \u00fcr\u00fcnleri tabloda g\u00f6sterilmektedir. Konuyla ilgili d\u00f6k\u00fcmanlar: Begerow &#8211; Kieselguhr filtreler ve uygulamalar\u0131 Responsive Table \u00dcr\u00fcnler Kieselguhr F15 (Becogur 200) \u0130nce Kieselguhr (Diatome Toprak) Teknik Bilgi Kieselguhr F10 (Becogur 1200) \u0130nce-Orta Kieselguhr Kieselguhr F70 (Becogur 3500) Orta-Kaba Kieselguhr Kieselguhr F100 (Becogur 4500) Kaba [&hellip;]<\/p>\n","protected":false},"author":1,"featured_media":0,"parent":95,"menu_order":0,"comment_status":"closed","ping_status":"closed","template":"page-product","meta":{"footnotes":""},"class_list":["post-164","page","type-page","status-publish","hentry"],"_links":{"self":[{"href":"https:\/\/sinerji-as.com\/index.php?rest_route=\/wp\/v2\/pages\/164","targetHints":{"allow":["GET"]}}],"collection":[{"href":"https:\/\/sinerji-as.com\/index.php?rest_route=\/wp\/v2\/pages"}],"about":[{"href":"https:\/\/sinerji-as.com\/index.php?rest_route=\/wp\/v2\/types\/page"}],"author":[{"embeddable":true,"href":"https:\/\/sinerji-as.com\/index.php?rest_route=\/wp\/v2\/users\/1"}],"replies":[{"embeddable":true,"href":"https:\/\/sinerji-as.com\/index.php?rest_route=%2Fwp%2Fv2%2Fcomments&post=164"}],"version-history":[{"count":6,"href":"https:\/\/sinerji-as.com\/index.php?rest_route=\/wp\/v2\/pages\/164\/revisions"}],"predecessor-version":[{"id":503,"href":"https:\/\/sinerji-as.com\/index.php?rest_route=\/wp\/v2\/pages\/164\/revisions\/503"}],"up":[{"embeddable":true,"href":"https:\/\/sinerji-as.com\/index.php?rest_route=\/wp\/v2\/pages\/95"}],"wp:attachment":[{"href":"https:\/\/sinerji-as.com\/index.php?rest_route=%2Fwp%2Fv2%2Fmedia&parent=164"}],"curies":[{"name":"wp","href":"https:\/\/api.w.org\/{rel}","templated":true}]}}