{"id":155,"date":"2024-01-26T11:20:03","date_gmt":"2024-01-26T11:20:03","guid":{"rendered":"https:\/\/sinerji-as.com\/?page_id=155"},"modified":"2024-07-24T13:49:56","modified_gmt":"2024-07-24T10:49:56","slug":"filtre-kartonlari","status":"publish","type":"page","link":"https:\/\/sinerji-as.com\/?page_id=155","title":{"rendered":"Filtre Kartonlar\u0131"},"content":{"rendered":"\n<div class=\"wp-block-group alignwide has-global-padding is-layout-constrained wp-block-group-is-layout-constrained\">\n<p>Filtrasyon faaliyet alanlar\u0131m\u0131z\u0131n ba\u015f\u0131nda gelmektedir. Meyve suyu, \u015earap, Zeytinya\u011f\u0131, Bira, Kaynak sular\u0131 ve benzeri s\u0131v\u0131 g\u0131dalar\u0131n filtrasyonu i\u00e7in Begerow taraf\u0131ndan \u00fcretilen Filtre Kartonlar\u0131 a\u015fa\u011f\u0131daki tablolarda g\u00f6sterilmi\u015ftir.<\/p>\n\n\n\n<!DOCTYPE html>\n<html>\n<head>\n    <style>\n        .responsive-table {\n            width: 100%;\n            border-collapse: collapse;\n        }\n\n        .responsive-table th, .responsive-table td {\n            border: 1px solid #ddd;\n            padding: 8px;\n            text-align: left;\n        }\n\n        @media screen and (max-width: 600px) {\n            .responsive-table thead {\n                display: none;\n            }\n\n            .responsive-table, .responsive-table tbody, .responsive-table th, .responsive-table td, .responsive-table tr {\n                display: block;\n            }\n\n            .responsive-table tr {\n                margin-bottom: 10px;\n            }\n\n            .responsive-table td {\n                text-align: right;\n                padding-left: 50%;\n                position: relative;\n            }\n\n            .responsive-table td::before {\n                content: attr(data-label);\n                position: absolute;\n                left: 0;\n                width: 50%;\n                padding-left: 15px;\n                font-weight: bold;\n                text-align: left;\n            }\n        }\n    <\/style>\n<\/head>\n<body>\n    <table class=\"responsive-table\">\n        <thead>\n            <tr>\n                <th colspan=\"4\"><h4>\u00dcr\u00fcnler<\/h4><\/th>\n            <\/tr>\n        <\/thead>\n        <tbody>\n            <tr>\n                <th rowspan=\"7\" data-label=\"Category\">Derin Filtre Kartonlar\u0131<\/th>\n                <td data-label=\"Product\">Becopad Yeni Nesil Filtre Kartonlar\u0131<br>(Kieselguhr ve Perlit \u0130\u00e7ermez.<br>Sadece Sel\u00fclozdan \u00fcretilmi\u015ftir.)<\/td>\n                <td data-label=\"Technical Information\"><a href=\"..\/..\/files\/e72be343-dbfe-4c60-bd8b-21405222e037.pdf\" target=\"_blank\" rel=\"noopener\">Teknik Bilgi (Ing.)<\/a><\/td>\n                <td data-label=\"MSDS\">MSDS<\/td>\n            <\/tr>\n            <tr>\n                <td data-label=\"Product\">Europor Standart Seri<\/td>\n                <td data-label=\"Technical Information\">\n                    <a href=\"..\/..\/files\/876d5340-2b2a-48f0-94af-5e288c0d2be4.pdf\">Teknik Bilgi (T\u00fcrk\u00e7e)<\/a><br>\n                    <a href=\"..\/..\/files\/74bb5f04-b7e5-4577-9afa-d4ebdb0a14d0.pdf\" target=\"_blank\" rel=\"noopener\">Teknik Bilgi (Ing.)<\/a>\n                <\/td>\n                <td data-label=\"MSDS\">MSDS<\/td>\n            <\/tr>\n            <tr>\n                <td data-label=\"Product\">Beco CPS Seri Filtre Kartonlar\u0131<\/td>\n                <td data-label=\"Technical Information\">\n                    Teknik Bilgi (T\u00fcrk\u00e7e)<br>\n                    <a href=\"..\/..\/files\/5ae8deae-a643-4ebd-a0f6-8673369e6e32.pdf\" target=\"_blank\" rel=\"noopener\">Teknik Bilgi (Ing.)<\/a>\n                <\/td>\n                <td data-label=\"MSDS\">MSDS<\/td>\n            <\/tr>\n            <tr>\n                <td data-label=\"Product\">Beco Endura Seri<br>Destek Filtre Kartonlar\u0131<\/td>\n                <td data-label=\"Technical Information\">\n                    Teknik Bilgi (T\u00fcrk\u00e7e)<br>\n                    <a href=\"..\/..\/files\/d0fd746f-ed55-4956-b816-bd42bbac7423.pdf\" target=\"_blank\" rel=\"noopener\">Teknik Bilgi (Ing.)<\/a>\n                <\/td>\n                <td data-label=\"MSDS\">MSDS<\/td>\n            <\/tr>\n            <tr>\n                <td data-label=\"Product\">Beco ACF Seri<br>Aktif Karbonlu Filtre Kartonlar\u0131<\/td>\n                <td data-label=\"Technical Information\">\n                    Teknik Bilgi (T\u00fcrk\u00e7e)<br>\n                    <a href=\"..\/..\/files\/448939f6-9198-4c16-9bb1-794112fccded.pdf\" target=\"_blank\" rel=\"noopener\">Teknik Bilgi (Ing.)<\/a>\n                <\/td>\n                <td data-label=\"MSDS\">MSDS<\/td>\n            <\/tr>\n            <tr>\n                <td data-label=\"Product\">Beco Select A Serisi<br>Filtre Kartonlar\u0131<\/td>\n                <td data-label=\"Technical Information\">\n                    Teknik Bilgi (T\u00fcrk\u00e7e)<br>\n                    <a href=\"..\/..\/files\/3fb9712a-5bb8-457c-8c19-8480c4b6a2f7.pdf\" target=\"_blank\" rel=\"noopener\">Teknik Bilgi (Ing.)<\/a>\n                <\/td>\n                <td data-label=\"MSDS\">\n                    <a href=\"..\/..\/files\/27d41b41-9f6c-4c70-a261-51c3775f0bf1.pdf\" target=\"_blank\" rel=\"noopener\">MSDS<\/a>\n                <\/td>\n            <\/tr>\n            <tr>\n                <td data-label=\"Product\">Beco Beer (Bira) Serisi<br>Filtre Kartonlar\u0131<\/td>\n                <td data-label=\"Technical Information\">\n                    Teknik Bilgi (T\u00fcrk\u00e7e)<br>\n                    <a href=\"..\/..\/files\/7d5ee9c4-c7e3-4e90-ac37-f28c57c2b3aa.pdf\" target=\"_blank\" rel=\"noopener\">Teknik Bilgi (Ing.)<\/a>\n                <\/td>\n                <td data-label=\"MSDS\">\n                    <a href=\"..\/..\/files\/3c5fcd75-2771-40bc-bdb8-74259f229289.pdf\" target=\"_blank\" rel=\"noopener\">MSDS<\/a>\n                <\/td>\n            <\/tr>\n        <\/tbody>\n    <\/table>\n<\/body>\n<\/html>\n\n\n\n<p><strong>MSDS:<\/strong> Material Safety Data Sheet<\/p>\n<\/div>\n","protected":false},"excerpt":{"rendered":"<p>Filtrasyon faaliyet alanlar\u0131m\u0131z\u0131n ba\u015f\u0131nda gelmektedir. Meyve suyu, \u015earap, Zeytinya\u011f\u0131, Bira, Kaynak sular\u0131 ve benzeri s\u0131v\u0131 g\u0131dalar\u0131n filtrasyonu i\u00e7in Begerow taraf\u0131ndan \u00fcretilen Filtre Kartonlar\u0131 a\u015fa\u011f\u0131daki tablolarda g\u00f6sterilmi\u015ftir. \u00dcr\u00fcnler Derin Filtre Kartonlar\u0131 Becopad Yeni Nesil Filtre Kartonlar\u0131(Kieselguhr ve Perlit \u0130\u00e7ermez.Sadece Sel\u00fclozdan \u00fcretilmi\u015ftir.) Teknik Bilgi (Ing.) MSDS Europor Standart Seri Teknik Bilgi (T\u00fcrk\u00e7e) Teknik Bilgi (Ing.) MSDS Beco [&hellip;]<\/p>\n","protected":false},"author":1,"featured_media":0,"parent":95,"menu_order":0,"comment_status":"closed","ping_status":"closed","template":"page-product","meta":{"footnotes":""},"class_list":["post-155","page","type-page","status-publish","hentry"],"_links":{"self":[{"href":"https:\/\/sinerji-as.com\/index.php?rest_route=\/wp\/v2\/pages\/155","targetHints":{"allow":["GET"]}}],"collection":[{"href":"https:\/\/sinerji-as.com\/index.php?rest_route=\/wp\/v2\/pages"}],"about":[{"href":"https:\/\/sinerji-as.com\/index.php?rest_route=\/wp\/v2\/types\/page"}],"author":[{"embeddable":true,"href":"https:\/\/sinerji-as.com\/index.php?rest_route=\/wp\/v2\/users\/1"}],"replies":[{"embeddable":true,"href":"https:\/\/sinerji-as.com\/index.php?rest_route=%2Fwp%2Fv2%2Fcomments&post=155"}],"version-history":[{"count":5,"href":"https:\/\/sinerji-as.com\/index.php?rest_route=\/wp\/v2\/pages\/155\/revisions"}],"predecessor-version":[{"id":504,"href":"https:\/\/sinerji-as.com\/index.php?rest_route=\/wp\/v2\/pages\/155\/revisions\/504"}],"up":[{"embeddable":true,"href":"https:\/\/sinerji-as.com\/index.php?rest_route=\/wp\/v2\/pages\/95"}],"wp:attachment":[{"href":"https:\/\/sinerji-as.com\/index.php?rest_route=%2Fwp%2Fv2%2Fmedia&parent=155"}],"curies":[{"name":"wp","href":"https:\/\/api.w.org\/{rel}","templated":true}]}}